{"id":380,"date":"2022-07-06T16:24:44","date_gmt":"2022-07-06T16:24:44","guid":{"rendered":"http:\/\/gferrari.com.br\/?page_id=380"},"modified":"2023-01-16T22:49:11","modified_gmt":"2023-01-16T22:49:11","slug":"treinamentos","status":"publish","type":"page","link":"http:\/\/gferrari.com.br\/?page_id=380","title":{"rendered":"M\u00f3dulos Fotovoltaicos (Placas Solares)"},"content":{"rendered":"\n<div class=\"wp-block-cover alignfull is-light\" style=\"min-height:440px\"><span aria-hidden=\"true\" class=\"wp-block-cover__background has-background-dim\" style=\"background-color:#025930\"><\/span><img loading=\"lazy\" width=\"1280\" height=\"853\" class=\"wp-block-cover__image-background wp-image-330\" alt=\"alternative, cell, clean-21761.jpg\" src=\"http:\/\/gferrari.com.br\/wp-content\/uploads\/2022\/06\/alternative-cell-clean-21761.jpg\" data-object-fit=\"cover\" srcset=\"http:\/\/gferrari.com.br\/wp-content\/uploads\/2022\/06\/alternative-cell-clean-21761.jpg 1280w, http:\/\/gferrari.com.br\/wp-content\/uploads\/2022\/06\/alternative-cell-clean-21761-300x200.jpg 300w, http:\/\/gferrari.com.br\/wp-content\/uploads\/2022\/06\/alternative-cell-clean-21761-1024x682.jpg 1024w, http:\/\/gferrari.com.br\/wp-content\/uploads\/2022\/06\/alternative-cell-clean-21761-768x512.jpg 768w\" sizes=\"(max-width: 1280px) 100vw, 1280px\" \/><div class=\"wp-block-cover__inner-container\">\n<h1 class=\"has-white-color has-text-color\"><br>M\u00f3dulos <strong>Fotovoltaicos<\/strong><\/h1>\n\n\n\n<h2 class=\"has-ast-global-color-5-color has-text-color has-medium-font-size\"><strong>(Placas Solares)<\/strong><\/h2>\n<\/div><\/div>\n\n\n\n<div class=\"wp-container-1 wp-block-group alignfull has-ast-global-color-5-background-color has-background\"><div class=\"wp-block-group__inner-container\">\n<div style=\"height:68px\" aria-hidden=\"true\" class=\"wp-block-spacer\"><\/div>\n\n\n\n<div class=\"wp-block-cover alignfull\" style=\"min-height:419px\"><span aria-hidden=\"true\" class=\"wp-block-cover__background has-background-dim-100 has-background-dim\" style=\"background-color:#02733e\"><\/span><div class=\"wp-block-cover__inner-container\">\n<div class=\"wp-block-media-text alignwide has-media-on-the-right is-stacked-on-mobile is-vertically-aligned-center\" style=\"grid-template-columns:auto 39%\"><figure class=\"wp-block-media-text__media\"><img loading=\"lazy\" width=\"1024\" height=\"683\" src=\"http:\/\/gferrari.com.br\/wp-content\/uploads\/2022\/08\/low-angle-solar-pannels-arrangement-1024x683.jpg\" alt=\"\" class=\"wp-image-789 size-full\" srcset=\"http:\/\/gferrari.com.br\/wp-content\/uploads\/2022\/08\/low-angle-solar-pannels-arrangement-1024x683.jpg 1024w, http:\/\/gferrari.com.br\/wp-content\/uploads\/2022\/08\/low-angle-solar-pannels-arrangement-300x200.jpg 300w, http:\/\/gferrari.com.br\/wp-content\/uploads\/2022\/08\/low-angle-solar-pannels-arrangement-768x512.jpg 768w, http:\/\/gferrari.com.br\/wp-content\/uploads\/2022\/08\/low-angle-solar-pannels-arrangement-1536x1024.jpg 1536w, http:\/\/gferrari.com.br\/wp-content\/uploads\/2022\/08\/low-angle-solar-pannels-arrangement-2048x1365.jpg 2048w\" sizes=\"(max-width: 1024px) 100vw, 1024px\" \/><\/figure><div class=\"wp-block-media-text__content\">\n<h2 class=\"has-ast-global-color-5-color has-text-color\">M\u00f3dulos Fotovoltaicos<\/h2>\n\n\n\n<p class=\"has-ast-global-color-5-color has-text-color has-medium-font-size\"><strong>(Placas Solares)<\/strong><\/p>\n\n\n\n<p class=\"has-ast-global-color-5-color has-text-color\">De acordo com a Portaria Inmetro 140:2022, equipamentos de gera\u00e7\u00e3o, condicionamento e armazenamento de energia el\u00e9trica em sistemas fotovoltaicos (solares) devem (obrigat\u00f3rio\/compuls\u00f3rio) estar certificados para fins de importa\u00e7\u00e3o e comercializa\u00e7\u00e3o no Brasil.<\/p>\n<\/div><\/div>\n<\/div><\/div>\n\n\n\n<div style=\"height:24px\" aria-hidden=\"true\" class=\"wp-block-spacer\"><\/div>\n\n\n\n<div class=\"wp-block-media-text alignwide is-stacked-on-mobile\" style=\"grid-template-columns:35% auto\"><figure class=\"wp-block-media-text__media\"><img loading=\"lazy\" width=\"683\" height=\"1024\" src=\"http:\/\/gferrari.com.br\/wp-content\/uploads\/2022\/08\/man-with-white-helmet-near-solar-panel-683x1024.jpg\" alt=\"\" class=\"wp-image-785 size-full\" srcset=\"http:\/\/gferrari.com.br\/wp-content\/uploads\/2022\/08\/man-with-white-helmet-near-solar-panel-683x1024.jpg 683w, http:\/\/gferrari.com.br\/wp-content\/uploads\/2022\/08\/man-with-white-helmet-near-solar-panel-200x300.jpg 200w, http:\/\/gferrari.com.br\/wp-content\/uploads\/2022\/08\/man-with-white-helmet-near-solar-panel-768x1152.jpg 768w, http:\/\/gferrari.com.br\/wp-content\/uploads\/2022\/08\/man-with-white-helmet-near-solar-panel-1024x1536.jpg 1024w, http:\/\/gferrari.com.br\/wp-content\/uploads\/2022\/08\/man-with-white-helmet-near-solar-panel-1365x2048.jpg 1365w, http:\/\/gferrari.com.br\/wp-content\/uploads\/2022\/08\/man-with-white-helmet-near-solar-panel-scaled.jpg 1707w\" sizes=\"(max-width: 683px) 100vw, 683px\" \/><\/figure><div class=\"wp-block-media-text__content\">\n<h2><strong><strong>Produtos que fazem parte desta certifica\u00e7\u00e3o<\/strong><\/strong><\/h2>\n\n\n\n<p>I \u2013 m\u00f3dulos fotovoltaicos (placas solares) com pot\u00eancia nominal igual ou superior a 5 Wp, de c\u00e9lulas de sil\u00edcio (monocristalino &#8211; mono-Si e multicristalino &#8211; multi-Si), de camadas semicondutoras de filmes finos (sil\u00edcio amorfo &#8211; a-Si, telureto de c\u00e1dmio &#8211; CdTe ou seleneto de cobre, \u00edndio e g\u00e1lio &#8211; CIS\/CIGS) ou h\u00edbridas (tecnologia heterojun\u00e7\u00e3o &#8211; HJT); de tipos com ou sem moldura; de tipos monofacial ou bifacial; de tipos r\u00edgido, flex\u00edvel ou semiflex\u00edvel; de tipos independente, aplicado (BAPV) ou integrado a edifica\u00e7\u00f5es (BIPV);<\/p>\n\n\n\n<p>II \u2013 controladores de carga e\/ou descarga de baterias de tipos pulse width modulation (PWM) ou maximum power point tracking (MPPT);<\/p>\n\n\n\n<p>III \u2013 baterias de uso em sistemas fotovoltaicos de tecnologias eletroqu\u00edmicas de chumbo-\u00e1cido, n\u00edquel-c\u00e1dmio, n\u00edquel-hidreto met\u00e1lico, l\u00edtio-\u00edon, s\u00f3dio cloreto de n\u00edquel, fluxo ou outras; que exigem ou n\u00e3o sistema de gerenciamento integrado (BMS); e<\/p>\n\n\n\n<p>IV \u2013 inversores com pot\u00eancia nominal at\u00e9 75 kW, de uso em sistemas fotovoltaicos isolados ou conectados \u00e0 rede el\u00e9trica; com ou sem armazenamento de energia; de tipos microinversor, string, multistring ou central.<\/p>\n<\/div><\/div>\n\n\n\n<div style=\"height:17px\" aria-hidden=\"true\" class=\"wp-block-spacer\"><\/div>\n<\/div><\/div>\n\n\n\n<div class=\"wp-container-4 wp-block-group alignfull has-ast-global-color-5-background-color has-background\"><div class=\"wp-block-group__inner-container\">\n<div class=\"wp-block-media-text has-media-on-the-right is-stacked-on-mobile is-vertically-aligned-center has-background\" style=\"background-color:#02733e\"><figure class=\"wp-block-media-text__media\"><img loading=\"lazy\" width=\"298\" height=\"180\" src=\"http:\/\/gferrari.com.br\/wp-content\/uploads\/2023\/01\/OIP-1-1.jpg\" alt=\"\" class=\"wp-image-993 size-full\"\/><\/figure><div class=\"wp-block-media-text__content\">\n<div class=\"wp-container-3 wp-block-group\"><div class=\"wp-block-group__inner-container\">\n<h2 class=\"has-text-align-left has-white-color has-text-color\"><br>Como a GFerrari Certifica\u00e7\u00f5es pode lhe ajudar?<\/h2>\n\n\n\n<p class=\"has-text-align-left has-white-color has-text-color\">A GFerrari Certifica\u00e7\u00f5es possui uma equipe de profissionais capacitados para lhe ajudar em obter e gerenciar seu projeto, com precis\u00e3o e sem perda de tempo<\/p>\n\n\n\n<div class=\"wp-container-2 is-horizontal is-content-justification-center wp-block-buttons\"><\/div>\n<\/div><\/div>\n<\/div><\/div>\n<\/div><\/div>\n\n\n\n<div class=\"wp-container-10 wp-block-group alignfull has-white-background-color has-background\"><div class=\"wp-block-group__inner-container\">\n<div class=\"wp-container-9 wp-block-columns are-vertically-aligned-center\">\n<div class=\"wp-container-5 wp-block-column is-vertically-aligned-center\">\n<h2>Fale Conosco<\/h2>\n\n\n<div class=\"wpforms-container \" id=\"wpforms-4\"><form id=\"wpforms-form-4\" class=\"wpforms-validate wpforms-form\" data-formid=\"4\" method=\"post\" enctype=\"multipart\/form-data\" action=\"\/index.php?rest_route=%2Fwp%2Fv2%2Fpages%2F380\" data-token=\"0070ba4ef1b92be4e584b5c007844e1b\"><noscript class=\"wpforms-error-noscript\">Ative o JavaScript no seu navegador para preencher este formul\u00e1rio.<\/noscript><div class=\"wpforms-field-container\"><div id=\"wpforms-4-field_0-container\" class=\"wpforms-field wpforms-field-name\" data-field-id=\"0\"><label class=\"wpforms-field-label wpforms-label-hide\" for=\"wpforms-4-field_0\">Name <span class=\"wpforms-required-label\">*<\/span><\/label><input type=\"text\" id=\"wpforms-4-field_0\" class=\"wpforms-field-large wpforms-field-required\" name=\"wpforms[fields][0]\" placeholder=\"Your Name\" required><\/div><div id=\"wpforms-4-field_1-container\" class=\"wpforms-field wpforms-field-email\" data-field-id=\"1\"><label class=\"wpforms-field-label wpforms-label-hide\" for=\"wpforms-4-field_1\">Email <span class=\"wpforms-required-label\">*<\/span><\/label><input type=\"email\" id=\"wpforms-4-field_1\" class=\"wpforms-field-large wpforms-field-required\" name=\"wpforms[fields][1]\" placeholder=\"Email Address\" required><\/div><div id=\"wpforms-4-field_2-container\" class=\"wpforms-field wpforms-field-textarea\" data-field-id=\"2\"><label class=\"wpforms-field-label wpforms-label-hide\" for=\"wpforms-4-field_2\">Message <span class=\"wpforms-required-label\">*<\/span><\/label><textarea id=\"wpforms-4-field_2\" class=\"wpforms-field-medium wpforms-field-required\" name=\"wpforms[fields][2]\" placeholder=\"Message\" required><\/textarea><\/div><\/div><div class=\"wpforms-field wpforms-field-hp\"><label for=\"wpforms-4-field-hp\" class=\"wpforms-field-label\">Email<\/label><input type=\"text\" name=\"wpforms[hp]\" id=\"wpforms-4-field-hp\" class=\"wpforms-field-medium\"><\/div><div class=\"wpforms-submit-container\"><input type=\"hidden\" name=\"wpforms[id]\" value=\"4\"><input type=\"hidden\" name=\"wpforms[author]\" value=\"1\"><button type=\"submit\" name=\"wpforms[submit]\" id=\"wpforms-submit-4\" class=\"wpforms-submit\" data-alt-text=\"Sending...\" data-submit-text=\"Send Message\" aria-live=\"assertive\" value=\"wpforms-submit\">Send Message<\/button><\/div><\/form><\/div>  <!-- .wpforms-container --><\/div>\n\n\n\n<div class=\"wp-container-8 wp-block-column is-vertically-aligned-center\">\n<div class=\"wp-container-7 wp-block-group\"><div class=\"wp-block-group__inner-container\">\n<figure class=\"wp-block-image size-large\"><img loading=\"lazy\" width=\"1024\" height=\"210\" src=\"http:\/\/gferrari.com.br\/wp-content\/uploads\/2022\/06\/Logo-Final-1024x210.png\" alt=\"\" class=\"wp-image-260\" srcset=\"http:\/\/gferrari.com.br\/wp-content\/uploads\/2022\/06\/Logo-Final-1024x210.png 1024w, http:\/\/gferrari.com.br\/wp-content\/uploads\/2022\/06\/Logo-Final-300x62.png 300w, http:\/\/gferrari.com.br\/wp-content\/uploads\/2022\/06\/Logo-Final-768x158.png 768w, http:\/\/gferrari.com.br\/wp-content\/uploads\/2022\/06\/Logo-Final-1536x315.png 1536w, http:\/\/gferrari.com.br\/wp-content\/uploads\/2022\/06\/Logo-Final-2048x421.png 2048w, http:\/\/gferrari.com.br\/wp-content\/uploads\/2022\/06\/Logo-Final-270x55.png 270w\" sizes=\"(max-width: 1024px) 100vw, 1024px\" \/><\/figure>\n\n\n\n<ul class=\"wp-container-6 is-content-justification-center wp-block-social-links\"><li class=\"wp-social-link wp-social-link-facebook wp-block-social-link\"><a href=\"https:\/\/www.facebook.com\/gferrari.assessoriaconsultoria\"  class=\"wp-block-social-link-anchor\"><svg width=\"24\" height=\"24\" viewBox=\"0 0 24 24\" version=\"1.1\" xmlns=\"http:\/\/www.w3.org\/2000\/svg\" aria-hidden=\"true\" focusable=\"false\"><path d=\"M12 2C6.5 2 2 6.5 2 12c0 5 3.7 9.1 8.4 9.9v-7H7.9V12h2.5V9.8c0-2.5 1.5-3.9 3.8-3.9 1.1 0 2.2.2 2.2.2v2.5h-1.3c-1.2 0-1.6.8-1.6 1.6V12h2.8l-.4 2.9h-2.3v7C18.3 21.1 22 17 22 12c0-5.5-4.5-10-10-10z\"><\/path><\/svg><span class=\"wp-block-social-link-label screen-reader-text\">Facebook<\/span><\/a><\/li>\n\n<\/ul>\n<\/div><\/div>\n<\/div>\n<\/div>\n<\/div><\/div>\n","protected":false},"excerpt":{"rendered":"<p>Produtos que fazem parte desta certifica\u00e7\u00e3o I \u2013 m\u00f3dulos fotovoltaicos (placas solares) com pot\u00eancia nominal igual ou superior a 5 Wp, de c\u00e9lulas de sil\u00edcio (monocristalino &#8211; mono-Si e multicristalino &#8211; multi-Si), de camadas semicondutoras de filmes finos (sil\u00edcio amorfo &#8211; a-Si, telureto de c\u00e1dmio &#8211; CdTe ou seleneto de cobre, \u00edndio e g\u00e1lio &#8211; &hellip;<\/p>\n<p class=\"read-more\"> <a class=\"\" href=\"http:\/\/gferrari.com.br\/?page_id=380\"> <span class=\"screen-reader-text\">M\u00f3dulos Fotovoltaicos (Placas Solares)<\/span> Leia mais &raquo;<\/a><\/p>\n","protected":false},"author":1,"featured_media":0,"parent":0,"menu_order":0,"comment_status":"closed","ping_status":"closed","template":"","meta":{"om_disable_all_campaigns":false,"_monsterinsights_skip_tracking":false,"_monsterinsights_sitenote_active":false,"_monsterinsights_sitenote_note":"","_monsterinsights_sitenote_category":0,"site-sidebar-layout":"default","site-content-layout":"plain-container","ast-global-header-display":"","ast-main-header-display":"","ast-hfb-above-header-display":"","ast-hfb-below-header-display":"","ast-hfb-mobile-header-display":"","site-post-title":"disabled","ast-breadcrumbs-content":"","ast-featured-img":"","footer-sml-layout":"","theme-transparent-header-meta":"","adv-header-id-meta":"","stick-header-meta":"","header-above-stick-meta":"","header-main-stick-meta":"","header-below-stick-meta":""},"_links":{"self":[{"href":"http:\/\/gferrari.com.br\/index.php?rest_route=\/wp\/v2\/pages\/380"}],"collection":[{"href":"http:\/\/gferrari.com.br\/index.php?rest_route=\/wp\/v2\/pages"}],"about":[{"href":"http:\/\/gferrari.com.br\/index.php?rest_route=\/wp\/v2\/types\/page"}],"author":[{"embeddable":true,"href":"http:\/\/gferrari.com.br\/index.php?rest_route=\/wp\/v2\/users\/1"}],"replies":[{"embeddable":true,"href":"http:\/\/gferrari.com.br\/index.php?rest_route=%2Fwp%2Fv2%2Fcomments&post=380"}],"version-history":[{"count":24,"href":"http:\/\/gferrari.com.br\/index.php?rest_route=\/wp\/v2\/pages\/380\/revisions"}],"predecessor-version":[{"id":994,"href":"http:\/\/gferrari.com.br\/index.php?rest_route=\/wp\/v2\/pages\/380\/revisions\/994"}],"wp:attachment":[{"href":"http:\/\/gferrari.com.br\/index.php?rest_route=%2Fwp%2Fv2%2Fmedia&parent=380"}],"curies":[{"name":"wp","href":"https:\/\/api.w.org\/{rel}","templated":true}]}}